
13
What is the highest common divisor of 6307 and 1466563?
371
What is the greatest common factor of 5097870 and 155630?
790
Calculate the greatest common divisor of 429663 and 2067364.
6227
What is the greatest common factor of 853083 and 50471?
1231
What is the highest common factor of 22384 and 8077826?
2798
Calculate the highest common factor of 1908 and 1208502.
18
What is the greatest common divisor of 31382 and 41106?
442
What is the highest common factor of 2924 and 1170282754?
1462
Calculate the greatest common factor of 29906 and 2175108239.
14953
What is the highest common divisor of 8693 and 4611801667?
8693
Calculate the highest common divisor of 3961836 and 48.
12
What is the greatest common divisor of 451 and 27621372?
41
What is the highest common divisor of 5337149 and 83?
83
What is the greatest common factor of 107244 and 932096?
1324
What is the highest common factor of 523612688 and 112?
16
What is the greatest common divisor of 1230388 and 13132?
268
Calculate the highest common factor of 36 and 2326284.
36
Calculate the greatest common divisor of 4886220 and 12876.
444
What is the highest common divisor of 446675280 and 744?
744
Calculate the highest common divisor of 719044 and 68876.
268
Calculate the greatest common divisor of 26 and 424566922.
26
What is the highest common factor of 8268 and 9349041?
2067
What is the greatest common divisor of 1159 and 10153828?
19
What is the highest common factor of 11283013 and 707?
707
Calculate the highest common factor of 676338 and 29348.
1334
What is the highest common divisor of 2768 and 133851138?
346
What is the highest common factor of 3150 and 82437600?
1050
Calculate the highest common divisor of 18560614 and 1198.
1198
Calculate the greatest common divisor of 12771 and 2403313.
473
Calculate the highest common divisor of 814805844 and 36.
12
What is the greatest common factor of 70 and 51274370?
70
What is the highest common factor of 226242 and 990?
18
Calculate the greatest common divisor of 6931280 and 1600.
80
Calculate the greatest common divisor of 16024 and 215784.
8
What is the highest common divisor of 78370 and 4866590?
170
What is the highest common factor of 34239294 and 6?
6
What is the greatest common factor of 148558432 and 352?
352
Calculate the greatest common divisor of 2666670 and 71997.
309
What is the highest common factor of 192225161 and 2776?
347
What is the greatest common factor of 553509 and 28941?
33
Calculate the greatest common divisor of 961380 and 18375.
735
What is the greatest common divisor of 85264 and 18432?
16
What is the highest common factor of 1620 and 74843352?
324
What is the greatest common divisor of 882624 and 39?
3
Calculate the greatest common divisor of 25840 and 186184.
136
What is the greatest common divisor of 561269147 and 326?
163
What is the highest common divisor of 46647009 and 2425?
97
Calculate the highest common divisor of 26118 and 800.
2
Calculate the greatest common factor of 9169 and 172409.
53
What is the highest common factor of 10836 and 74024328?
3612
What is the highest common factor of 13571148 and 24?
12
Calculate the highest common factor of 78 and 2517207420.
78
What is the highest common divisor of 19845555 and 6654?
3327
What is the greatest common divisor of 50016 and 11136?
96
What is the highest common divisor of 928 and 35182046?
58
Calculate the highest common factor of 64 and 3399232.
64
Calculate the greatest common divisor of 270 and 18157710.
30
Calculate the highest common divisor of 62380956 and 43197.
561
What is the greatest common factor of 8778308 and 365904?
3388
Calculate the greatest common divisor of 12 and 414174284.
4
Calculate the greatest common divisor of 6656 and 1768192.
256
Calculate the greatest common divisor of 256 and 577584.
16
What is the highest common factor of 676575 and 372?
93
Calculate the greatest common divisor of 2786628 and 1716.
156
What is the greatest common divisor of 2120620 and 140?
20
What is the greatest common divisor of 519 and 53278637?
173
Calculate the highest common factor of 7939 and 359312.
17
Calculate the greatest common factor of 2528656 and 416.
208
Calculate the highest common divisor of 183206 and 10152.
94
What is the highest common divisor of 180006726 and 426?
426
Calculate the greatest common factor of 6434 and 34103417.
3217
Calculate the greatest common divisor of 3198 and 39576849.
1599
What is the highest common factor of 89470 and 137317?
389
Calculate the greatest common divisor of 188 and 6412163.
47
What is the highest common factor of 1898968 and 808?
8
Calculate the highest common factor of 135842 and 1171246.
626
What is the highest common factor of 81744 and 3984?
48
What is the greatest common factor of 4005 and 133685?
5
What is the greatest common factor of 254 and 633642370?
254
Calculate the highest common divisor of 4309866 and 693.
99
What is the greatest common divisor of 27047646 and 36738?
2826
Calculate the highest common factor of 175 and 7730135.
35
What is the highest common factor of 11 and 498417007?
11
What is the highest common factor of 281280 and 1060?
20
What is the greatest common factor of 278408 and 26312?
104
Calculate the highest common divisor of 36 and 1635684.
12
Calculate the greatest common divisor of 269701676 and 860.
172
What is the greatest common factor of 2684 and 257092?
44
Calculate the highest common divisor of 16297 and 117347.
43
Calculate the greatest common factor of 11101224 and 2.
2
Calculate the greatest common divisor of 15125524 and 2672.
668
What is the highest common factor of 58302 and 11024736?
246
What is the greatest common divisor of 5628 and 7555188?
804
Calculate the greatest common divisor of 125 and 577704525.
25
Calculate the greatest common factor of 1036 and 6849292.
148
What is the highest common factor of 125807 and 9064?
11
What is the highest common divisor of 128304 and 341121?
33
What is the highest common divisor of 42371530 and 30?
10
Calculate the greatest common factor of 633711244 and 4.
4
Calculate the greatest common divisor of 2002575 and 100.
25
What is the greatest common divisor of 428 and 1823708?
428
What is the highest common divisor of 342840 and 25230?
30
What is the highest common factor of 379744 and 14816?
32
Calculate the highest common divisor of 5019 and 20919909.
717
What is the greatest common factor of 604915 and 549310?
1685
What is the highest common factor of 70846144 and 208?
16
Calculate the greatest common factor of 263471 and 67262.
169
Calculate the highest common divisor of 81308968 and 728.
104
What is the greatest common divisor of 70 and 1312878?
14
Calculate the greatest common divisor of 11660 and 1483370.
10
What is the highest common divisor of 4206720 and 189?
21
Calculate the highest common factor of 90551 and 527574.
23
Calculate the highest common divisor of 12 and 1423060.
4
What is the greatest common divisor of 1770 and 13504560?
30
Calculate the highest common factor of 1432040679 and 5988.
1497
Calculate the greatest common divisor of 3852 and 143138608.
428
Calculate the highest common factor of 2211 and 742494.
201
What is the greatest common divisor of 374233 and 86267?
307
Calculate the greatest common divisor of 902 and 1273542.
82
Calculate the highest common factor of 15936 and 119496.
24
What is the highest common factor of 2829 and 17779?
23
What is the highest common factor of 1011050224 and 213?
71
What is the greatest common divisor of 203816 and 8614?
146
Calculate the greatest common factor of 35786 and 2120012.
1234
Calculate the highest common divisor of 2386896 and 16.
16
What is the highest common factor of 21179870 and 20?
10
What is the highest common factor of 144945 and 103365?
45
Calculate the highest common divisor of 91176 and 388284.
1572
What is the highest common factor of 228 and 87572121?
57
What is the greatest common factor of 992 and 361677?
31
What is the highest common factor of 1206196 and 1252195?
5111
Calculate the highest common divisor of 3269 and 25559377.
467
Calculate the greatest common divisor of 98 and 17507896.
98
Calculate the highest common divisor of 14 and 593445951.
7
Calculate the highest common divisor of 121607908 and 4.
4
Calculate the hi